t is the units digit of z(6)?
7
Suppose -4*q - 292 = -r, -q = -r + 3*r - 584. What is the hundreds digit of r?
2
Suppose -9*w = -8383 - 4649. What is the thousands digit of w?
1
Suppose 491 = -2*t + 487, -12894 = -5*x + 2*t. What is the hundreds digit of x?
5
Let b be (2 + 2 + -4)*-1. Let y(x) = -x - 2. Let i be y(-6). What is the tens digit of 13 + b + (i - 1)?
1
Suppose 3955 = 21*r + 1624. What is the tens digit of r?
1
Suppose 3*w + 16*q - 6571 = 18*q, 1 = q. What is the hundreds digit of w?
1
Let o(h) = -188*h. Let k be o(-2). Suppose -3*r + 337 = m - 227, -2*r = 2*m - k. What is the tens digit of r?
8
Suppose 3*h - 5*z + 1437 - 3713 = 0, 4*h + 3*z = 3025. Suppose -h = -6*j + 29. What is the tens digit of j?
3
Suppose -137*o + 139*o = 264. What is the hundreds digit of o?
1
Let f(u) = 97*u**2 + 11*u + 24. What is the units digit of f(-3)?
4
Let u(g) = -g**2 + 9*g + 12. Let r be u(10). Let t(l) = 90*l - 18. Let z(q) = 15*q - 3. Let m(y) = 6*t(y) - 34*z(y). What is the tens digit of m(r)?
5
What is the tens digit of ((-2 - -2876)/(-3))/(-2)?
7
Suppose 20 = -5*y, -950 = -4*j + 4*y + 550. Suppose -l - j = -8*l. What is the tens digit of l?
5
Suppose -4*t + 2*n = 654, -4*t + 0*t - 4*n = 636. Let l = 80 - t. What is the tens digit of l?
4
Let t = 91 - 86. Suppose 4*o - 2*u + 298 = 5*o, -t*o = -3*u - 1490. What is the tens digit of o?
9
Let y(l) = 36*l**2 - 23*l + 86. What is the units digit of y(6)?
4
Let o(v) = -4*v - 10. Let f be o(12). Let d = f - -322. What is the units digit of d?
4
Suppose -20 = -4*i + 20. Let k = 1 + 7. Suppose i*x = k*x + 52. What is the tens digit of x?
2
Let u(k) = -4*k**2 - 10 + 2 + k**3 + k + 6. Let m = -13 - -17. What is the units digit of u(m)?
2
Let z = 15 - 14. Let o = z + 1. Suppose 6*u - o*u - 44 = 0. What is the units digit of u?
1
Let k(v) = 3*v + 14. Let b(u) = -9*u - 41. Let x(o) = 6*b(o) + 17*k(o). Let a be x(-11). Suppose n = 3*w - a, 4*w - 5 = 3*w + n. What is the units digit of w?
0
Let i(w) = 9*w**2 - 25*w - 566. What is the hundreds digit of i(-19)?
1
Let y(b) = 14*b**3 - 17*b**2 + 26*b - 21. Let d(o) = 5*o**3 - 6*o**2 + 9*o - 7. Let i(c) = -11*d(c) + 4*y(c). What is the tens digit of i(3)?
1
Suppose 3*g + 12 = i, g - 20 = 6*g - 4*i. What is the units digit of 4 + 8/g - -32?
4
Suppose 4*k - 93 - 103 = 0. Let f = 100 - k. What is the units digit of f?
1
Let f = 6 + -7. Let i be ((-42)/28)/(f/20). Suppose 3*s - i - 6 = 0. What is the units digit of s?
2
Let t(g) = 54*g - 76. What is the units digit of t(16)?
8
Let m(z) = z**2 + 10*z - 22. Let q be m(13). Let x = -60 + q. What is the hundreds digit of x?
2
Suppose -f = 8*c - 4*c - 703, 2772 = 4*f - 4*c. What is the tens digit of f?
9
Suppose 0 = 92*y - 93*y - 2*j + 845, 4*y + j = 3387. What is the hundreds digit of y?
8
Let j(z) = -2*z**2 + z + 376. Let x be j(0). Let h = x - 224. What is the hundreds digit of h?
1
Let s(p) = 47*p + 2. Let w be s(10). Suppose w = 3*c + 115. What is the tens digit of c?
1
Suppose 0 = -2*b - 5*b + 1967. Suppose 0 = -4*r + 143 + b. What is the hundreds digit of r?
1
Suppose 3 = 3*q, -2*n - 64*q + 1381 = -61*q. What is the units digit of n?
9
Let a(k) be the second derivative of -k**3/2 - 5*k**2/2 - 12*k. Let n be a(-3). Suppose -3*w = 3*b - 11 - 4, -n*w = 16. What is the units digit of b?
9
Suppose 0 = -0*f - 4*f + 3*v + 2612, 4*v + 1952 = 3*f. What is the hundreds digit of f?
6
Let h(c) be the first derivative of c**3/3 + 5*c**2/2 + 13*c - 11. What is the tens digit of h(-10)?
6
Let h(u) = -u**3 + 6*u**2 + 4*u - 6. Let k be h(5). Let c = k - -27. What is the tens digit of c?
6
Let l(w) = 17*w + 49. Let h be l(-7). What is the tens digit of (-30)/(-4)*(-1596)/h?
7
Suppose -4*b = 219 - 1727. What is the hundreds digit of b?
3
Suppose 0*z + 6 = -2*z, 5*y + 4*z = 3033. What is the units digit of y?
9
Suppose -2*z = -3*j + 5*j - 700, 0 = 5*j - 5*z - 1780. What is the hundreds digit of j?
3
Let r be (-9)/(36/40) + 3. Let g = -7 - r. Suppose 0*t - 24 = -4*q + 4*t, -4*q + 2*t + 16 = g. What is the units digit of q?
2
Let d be 6/3 - 1*(5 - 8). Suppose -236 = -q - d*u, -5*u - 690 = -3*q - 2*u. What is the tens digit of q?
3
Let m = -73 - -55. Let k(u) = -2*u**2 - 1. Let h be k(-1). What is the units digit of (-34)/h + 6/m?
1
Suppose -19*g + 99 - 23 = 0. What is the units digit of g?
4
Let f be (2 + -2)*(-4 + 3). Suppose f = y + 6 - 8. Suppose 3*o - 17 = y*o. What is the units digit of o?
7
Let t = 1008 - 666. What is the units digit of t?
2
Let t be (340/(-6))/((-15)/((-2475)/10)). What is the hundreds digit of (3 + t/10)/((-1)/2)?
1
Let l = -544 + 990. What is the hundreds digit of l?
4
Suppose 6*p - 864 = 2*p. What is the units digit of p?
6
Let l(f) be the second derivative of f**4/4 + 5*f**3/6 - f**2 + 5*f. What is the tens digit of l(-9)?
9
Let v(g) = 2*g - 5. Suppose 0 = -4*q + 3*q + 2, p - 16 = -5*q. What is the units digit of v(p)?
7
Let y(d) = d**2 - d - 1. Let n(f) = 6*f**2 + 2*f - 1. Let s(h) = n(h) - 5*y(h). Let c be (-18)/(-24) - 78/8. What is the units digit of s(c)?
2
Let v = -46 + 77. Suppose 0 = 3*m - v - 278. What is the tens digit of m?
0
Let f(p) = -p - 1. Let l be f(-4). Suppose 2*t - 65 = -l*t. Let q = 16 + t. What is the units digit of q?
9
Suppose 0 = 9*b - 5*b - 64. Let q be b/12*(0 + 3). Suppose q*o + 2 = 6. What is the units digit of o?
1
Let u(j) = j**3 - 10*j**2 + 8*j - 11. Let k be u(9). What is the units digit of (-3)/((-18)/k)*27/(-18)?
5
Let w(m) be the first derivative of -93*m**2/2 + 5*m + 16. What is the units digit of w(-1)?
8
Suppose a + 4*a - 61 = 2*h, 0 = -a + 5*h + 3. Let r = 57 + a. What is the tens digit of r?
7
Let c(m) = -4*m**3 + 14*m**3 + m**2 + 7*m**3 + 0*m - m. What is the units digit of c(1)?
7
Suppose -3*y - y - 12 = 0, 4*t - 4*y - 172 = 0. Suppose m - 30 = 4*q, 0*m - 2*q - t = -m. What is the units digit of m?
0
Suppose -6 = -u + 8. Let i = u - 11. What is the units digit of (52/i)/((-22)/(-33))?
6
Suppose 33 = 6*s - 183. What is the units digit of (-2)/8 - (-1341)/s?
7
What is the hundreds digit of (-63)/(-7) - -501 - (-10)/2?
5
Let h be (1 + 0)/(9/(-18)). Let r(p) = 11*p**2 + 5*p + 6. What is the units digit of r(h)?
0
What is the tens digit of 428/749 + (13542/(-14))/(-3)?
2
Let a = 67 - -1995. What is the hundreds digit of a?
0
Suppose -325 = 5*t - 1410. Suppose 0 = -2*a - 4*y + 128, 0*a - 5*y = -4*a + t. What is the units digit of a?
8
Let g = 686 - 287. What is the tens digit of g?
9
Let n(k) = -k**3 + 6*k**2 + 7*k. Let w be n(6). Let p be 17/(0/2*1 - 1). Let z = p + w. What is the units digit of z?
5
Suppose -20 = -0*x + 4*x. Let a(d) = -d**3 + 3*d**2 - 8*d + 6. Let v(u) = u**3 - 2*u**2 + 7*u - 5. Let f(z) = x*a(z) - 6*v(z). What is the units digit of f(-3)?
6
Let n be 2/3*(-180)/(-24). Suppose -28 = q - n*q. Suppose 20 = h - q. What is the units digit of h?
7
Let s be 1*(2 + 1) + 3. Let c be 18/s*160/6. Suppose 2*l + c = 6*l. What is the units digit of l?
0
Let o(j) = 25*j**2 + j - 5. Let c be o(-3). What is the units digit of (c - (0 + 2)) + 1?
6
Let p = -37 - -43. What is the tens digit of ((-728)/p)/7*-3?
5
Let j = -39 + 41. Suppose -a + 3*x + 288 = 0, 5 = x - j*x. What is the tens digit of a?
7
Let o(f) = f**2 + 6*f - 7. Let k be o(-7). Let j(w) = w**3 + w**2 + 2*w + 28. What is the units digit of j(k)?
8
Suppose 3*y + 5*v = 940, 4*v + 1604 = 5*y + 3*v. Suppose 0 = 3*j + b - 227, 3*b + y = j + 3*j. What is the units digit of j?
7
Let z(s) = -34*s - 28. Let q(r) = -11*r - 9. Let l(c) = 16*q(c) - 5*z(c). Suppose 16*i - 13*i + 15 = 0. What is the units digit of l(i)?
6
Let m(h) = 5*h**2 + 14. Suppose 3*p = 5*f + 30, -5*f = 3*p + 9 + 21. What is the hundreds digit of m(f)?
1
Let o be (-1)/(-3*(-1)/(-3)). Let s = 13 + o. Suppose p = -2*n + s, 2 = -5*n + 7. What is the units digit of p?
2
Let g be (0/1)/(0 + 2). Suppose 2*m - 20 = -g*m. What is the units digit of m/(-45) + 130/18?
7
Let i = 757 - 342. What is the tens digit of i?
1
Let i = -294 + 206. Let q = 123 + i. Let w = 66 - q. What is the tens digit of w?
3
Let d be (3/2)/((-2)/(-160)). Suppose -d - 102 = -6*r. What is the units digit of r?
7
What is the tens digit of (34/8)/(1/16)?
6
What is the hundreds digit of (8 - 4 - 10)*1095/(-18)?
3
Suppose -5*x + 2*h + 8152 = 0, 4*x + 1538 = -3*h + 8055. What is the tens 